, 83
What are the prime factors of 34/(-119)*1267*(-14 - (0 + 1))?
2, 3, 5, 181
Let s = 66 + -172. Let j = -61 - s. List the prime factors of j.
3, 5
Let t = 3 + 0. Let d = -4605 + 4725. Suppose t*w + 0*w = d. What are the prime factors of w?
2, 5
Let m = -15 - -17. Let t(v) = 9 + 7*v**m - v - v**2 - v**2 - v**2 + v**3. What are the prime factors of t(-4)?
13
Suppose -9*m + 36 = 0, 125*m - 147916 = -3*t + 130*m. What are the prime factors of t?
2, 23, 67
Let w = 267 + -274. What are the prime factors of (70/15)/w*-81?
2, 3
Suppose 4*h + 0*n = -4*n + 1516, -3*n = -5*h + 1911. Let b = h - 83. What are the prime factors of b?
2, 149
Let h(r) = r**2 - 2*r + 4. Suppose v + 33 + 15 = 0. Let t be (-1 + (-2)/4)/((-9)/v). What are the prime factors of h(t)?
2, 3, 7
List the prime factors of (54/(-81))/((-5)/(-70215)*-2).
31, 151
Let g(u) = u**3 + 7*u**2 + 22*u - 20. Let z be g(9). Suppose 1079 + z = 23*s. What are the prime factors of s?
3, 37
Let m(t) = -3*t - 20. Let f be m(-7). Let w(s) = -f - 8 + 5 - 6*s + 1. What are the prime factors of w(-21)?
3, 41
Suppose 4*o - 1934 = -3*a + 10739, -o + 3167 = 2*a. Let i = o + -1944. List the prime factors of i.
5, 7
Let d(q) = -4*q**3 - 7*q**2 - 17*q + 5. Let h be d(-6). Suppose 1076 = 3*y - 4*c, -2*y + 2*c + h = c. What are the prime factors of y?
2, 3, 5
Suppose 3*x = -4*w - x + 84, 4*w = -3*x + 81. List the prime factors of (36/w)/((-1)/(-163)).
2, 163
Let d be (30/(-25))/((-2)/5). Suppose a + d*y - 19 = 0, -1 - 2 = 3*a - 3*y. Suppose f + 4*z = 8*z + 56, 0 = -3*f + a*z + 152. What are the prime factors of f?
2, 3
Let o(j) = -11*j - 47. Let y be o(-3). Let m(z) be the second derivative of z**4/4 + 16*z**3/3 + 12*z**2 - 5*z. List the prime factors of m(y).
2, 41
Let y be (-370)/6*(-1386)/33. Suppose 4*q + d = y, d + 1843 = 3*q - 96. What are the prime factors of q?
647
Let a be ((-2)/(-1))/(-3 + 88/28). Let t(q) = -q**3 - 3*q**2 - 3*q - 1. Let h be t(-2). List the prime factors of a/h - (4 + 0).
2, 5
Let v(n) = -2*n**3 - 25*n**2 - 392. What are the prime factors of v(-18)?
2, 13, 61
Suppose 3*n - 134962 = -5*q, 6*q - 9*q - 3*n + 80982 = 0. List the prime factors of q.
2, 5, 2699
Let k(v) = -25*v**2 - 2*v + 15. Let y(b) = -13*b**2 - b + 8. Let x(d) = -6*k(d) + 11*y(d). Let w be 8/(8/3) + -1. What are the prime factors of x(w)?
2, 7
Let w(c) = 2*c**2 + 11*c - 17. Let t be w(-7). Suppose t*z - 5*z = -384. What are the prime factors of z?
2, 3
Let s(b) = 27*b**2 - 69*b - 685. List the prime factors of s(-10).
5, 541
Let x = -98 + 102. Let n be (698/x)/(1/18). List the prime factors of n/21 - 12/21.
149
Suppose -3*w + r + 14 = 0, 4*w = 8*r - 10*r + 2. Suppose 0 = 5*o - 4*l - 5278, 2401 + 2880 = 5*o - w*l. What are the prime factors of o?
2, 23
Suppose z + 35 = 36. Let l(b) = 1662*b - 8. List the prime factors of l(z).
2, 827
Let l(n) = -n**3 + 10*n**2 + n - 9. Let h be l(9). Suppose h*d = 88*d - 2114. What are the prime factors of d?
2, 151
Let n(j) = -j**2 + 156*j - 1354. List the prime factors of n(106).
2, 1973
Suppose g + 5 = 0, 5*p - 57948 - 65422 = -3*g. What are the prime factors of p?
24677
Let o be (-36)/(-27) - -4 - 2/(-3). Let f = 113 + o. What are the prime factors of f?
7, 17
Let l = 32 + -42. Let v be ((-6)/1)/((-3)/l). Let j = -18 - v. What are the prime factors of j?
2
Suppose -2*k + 4*c + 0 = 8, 0 = -3*k - 3*c + 15. Let v be (0 - 318/(-27)) + k/9. Let z(q) = q**2 - 8*q + 2. List the prime factors of z(v).
2, 5
Let w be 2/6 + 842/(-6). Let x = 211 + w. What are the prime factors of x?
71
What are the prime factors of 13600/(-24)*(-375)/20?
5, 17
List the prime factors of ((-8)/(-48))/(-6*(-4)/4181616).
71, 409
List the prime factors of (0 + (-8)/28)/(-2*5/1412110).
2, 20173
Let y(t) = 2*t**3 + 25*t**2 - 20*t - 35. Let k be y(-13). Suppose -174*c + k = -166*c. What are the prime factors of c?
7
Suppose 5*d - 115 = -s, 0 = 47*s - 45*s - 5*d - 170. Suppose s*r = 97*r - 130. What are the prime factors of r?
5, 13
Let z = -3 + 13. Suppose 3397 + 803 = z*g. What are the prime factors of g?
2, 3, 5, 7
Let b(f) = -183*f + 48. Let p be b(9). Let y = p + 2279. What are the prime factors of y?
2, 5, 17
List the prime factors of (400/48 - 15)*-47*3.
2, 5, 47
Let a(x) = 1350*x**2 + 897*x + 5412. What are the prime factors of a(-6)?
2, 3, 5, 1621
Suppose 277*b - 828 = 280*b. List the prime factors of 3/3 + 2 - b.
3, 31
Suppose 3 = b, -2*a + 8532 - 2347 = 3*b. List the prime factors of a.
2, 193
Suppose 12*t + 4*q + 4 = 16*t, -5*t = 2*q + 2. Suppose -3*w - m + 1854 = 0, t = -4*w - 6*m + m + 2461. List the prime factors of w.
619
Let t(g) = -g**3 - g**2 - 1. Let n(h) = h**3 + 10*h**2 + 11. Let o(s) = -n(s) - 6*t(s). Let w be o(4). Let f = -144 + w. What are the prime factors of f?
107
Suppose 57*f + 68612 = 15*f + 443714. What are the prime factors of f?
3, 13, 229
Suppose 0 = -4*w + 5*q + 73546, -21293 = -2*w - 4*q + 15493. List the prime factors of w.
7, 37, 71
Suppose 17*y = 20*y - 21633. What are the prime factors of y?
7211
Let k = -697 + 1066. Let c = k - -43. What are the prime factors of c?
2, 103
What are the prime factors of (-2 - -7) + (5 - (-6)/(-3)) + 27072?
2, 5, 677
Let s be 4*81 + (12 - 11). Let g = s + 218. What are the prime factors of g?
3, 181
Let c(d) = d**3 - 37*d**2 + 100*d. Let j be c(33). Let r = j + 2476. List the prime factors of r.
2, 5, 71
Let a be (-9)/(-4)*1 + (-7)/28. Suppose -1 - a = d. What are the prime factors of -1 - (d - 133/1)?
3, 5
List the prime factors of 1524/1143*(3804 + 0 + 0).
2, 317
Let z(x) = -22*x - 1 + 6 + 23*x. Let s be z(-3). Suppose u + 36 = s*u. What are the prime factors of u?
2, 3
Suppose 146*i = -94*i + 4708800. What are the prime factors of i?
2, 3, 5, 109
Suppose 4*c - 8 = 4. Suppose -5*d = -2 - c, -4 = -k + d. Suppose -170 = -k*u + 225. What are the prime factors of u?
79
Let q(c) = -7*c**3 - c**2 + 3*c + 2. Let o(u) = 36*u**3 + 5*u**2 - 16*u - 12. Let s(l) = 2*o(l) + 11*q(l). What are the prime factors of s(-4)?
2, 149
Let w be 32/80 - (-5)/((-75)/6). Suppose w = -17*n + 18*n - 471. What are the prime factors of n?
3, 157
Suppose -5676*b = -5664*b - 283176. List the prime factors of b.
2, 3, 19, 23
Let s = -3329 - -5278. Suppose -q - 2*r = -r - s, 4*r + 3904 = 2*q. List the prime factors of q.
2, 3, 5, 13
Let b be (4/6)/((-13)/((-192699)/18)). Let v = b - 2889. List the prime factors of (-2)/8 - v/16.
2, 73
Let x be -2*((2 - 2) + -1). Suppose -5*p + 21 = -x*a - 260, -4*p = -3*a - 222. List the prime factors of p.
3, 19
Suppose -11*o + 5*o = -12. Suppose -o*f = -f - 369. Suppose 5*y = 126 + f. What are the prime factors of y?
3, 11
Suppose -5*i = -a + 25, -i + 6 - 31 = -a. Let l = -3 - a. List the prime factors of 5940/42 - 16/l.
2, 71
Let d = -44808 + 72867. List the prime factors of d.
3, 47, 199
Let v = -27 - -148. Let t = -19 + v. Suppose -3*i + t + 60 = 0. List the prime factors of i.
2, 3
Let k(c) = c**3 + 15*c**2 - 17*c - 2. Let t = -35 - -19. List the prime factors of k(t).
2, 7
Let r be (-24)/32 + (3771/(-12) - 1). Let g = r + 806. List the prime factors of g.
2, 5, 7
Let j(c) = 26*c - 85. Let a be (-4)/(-1) - 2 - 15/(-5). List the prime factors of j(a).
3, 5
Suppose 5*d - 3*v - 205 = 940, -5*d + 1145 = 5*v. Suppose -21*j + 65 + d = 0. What are the prime factors of j?
2, 7
Let j be ((-2)/4)/(795/200 - 4). Suppose -j = -5*z, 0 = 2*f - 3*z - 3288 + 1256. What are the prime factors of f?
2, 7, 73
Let g = 134 + -187. Let r = 57 + g. Suppose -5*s + 256 = 2*w - r*w, -4*s = -w - 206. What are the prime factors of s?
2, 13
Suppose -3*y = 3*y - 6. Let l be (3/(-6) - y)/(3/(-4)). Suppose -w = t + 13 - 159, 3*t = l*w + 458. List the prime factors of t.
2, 3, 5
Suppose -9*d = -14 - 40. List the prime factors of 855 + (5 - d)*1 + 0.
2, 7, 61
Suppose -k = -2*v + 3 - 23, 44 = 4*k + 4*v. Let x be k*(-3)/(-15) - 1/(-5). List the prime factors of -1 + (x + 1 - -144).
3, 7
List the prime factors of 354*(12/20 - (-52)/180)*42.
2, 7, 59
Let r = 119 + -76. Suppose -4*t = -6*t + 128. Let d = r + t. List the prime factors of d.
107
Let v(z) = -35*z + 177. Let t be v(5). Let k(r) = 207*r**2 + 4*r + 8. List the prime factors of k(t).
2, 211
Let g(o) = -11*o + 1. Let v be g(0). Suppose 2 = -5*d + 2*u, u - v = 4*d + d. Suppose d = 4*m - 524 - 236. What are the prime f